2
What is the greatest common factor of 70 and 63?
7
What is the highest common factor of 49257 and 117?
117
What is the highest common divisor of 5 and 17905?
5
Calculate the highest common factor of 14 and 9478.
14
What is the greatest common factor of 28 and 16926?
14
Calculate the greatest common factor of 6036 and 48.
12
What is the greatest common factor of 17 and 391?
17
Calculate the highest common divisor of 16 and 272.
16
What is the highest common factor of 896 and 4256?
224
Calculate the greatest common factor of 38 and 35.
1
Calculate the highest common divisor of 65 and 988.
13
Calculate the highest common divisor of 630 and 154.
14
What is the greatest common divisor of 3102 and 376?
94
Calculate the greatest common divisor of 45 and 5409.
9
Calculate the highest common factor of 28 and 18578.
14
What is the highest common factor of 590 and 5074?
118
Calculate the highest common divisor of 2225 and 175.
25
What is the greatest common factor of 77 and 77?
77
What is the greatest common divisor of 46 and 1058?
46
Calculate the highest common divisor of 128 and 172.
4
What is the highest common divisor of 2 and 114?
2
Calculate the highest common divisor of 216 and 6858.
54
Calculate the greatest common divisor of 2337 and 861.
123
What is the greatest common divisor of 2145 and 11?
11
What is the greatest common factor of 99 and 792?
99
What is the greatest common factor of 301 and 516?
43
What is the highest common factor of 1139 and 134?
67
What is the greatest common divisor of 6 and 16?
2
Calculate the highest common factor of 220 and 605.
55
Calculate the highest common factor of 12 and 54.
6
Calculate the highest common factor of 85 and 595.
85
What is the highest common factor of 144 and 3216?
48
Calculate the highest common divisor of 132 and 24.
12
What is the greatest common divisor of 111 and 3?
3
What is the greatest common factor of 2 and 2?
2
Calculate the greatest common factor of 657 and 146.
73
What is the greatest common divisor of 585 and 90?
45
What is the greatest common divisor of 14 and 63?
7
What is the greatest common divisor of 2305 and 5?
5
Calculate the greatest common factor of 20 and 150.
10
What is the greatest common divisor of 348 and 276?
12
What is the greatest common factor of 100 and 20?
20
Calculate the highest common factor of 3 and 48.
3
What is the greatest common factor of 30 and 2270?
10
What is the greatest common factor of 7784 and 8?
8
Calculate the highest common factor of 32 and 816.
16
What is the greatest common factor of 88 and 297?
11
Calculate the highest common divisor of 282 and 18.
6
Calculate the greatest common factor of 144 and 216.
72
What is the greatest common divisor of 24 and 828?
12
What is the highest common divisor of 40 and 370?
10
Calculate the greatest common factor of 564 and 4136.
188
Calculate the greatest common divisor of 108 and 162.
54
What is the greatest common factor of 1562 and 22?
22
What is the greatest common divisor of 1 and 32?
1
Calculate the highest common divisor of 1925 and 3003.
77
Calculate the highest common factor of 411 and 5617.
137
What is the greatest common divisor of 14 and 973?
7
Calculate the greatest common factor of 529 and 46.
23
What is the greatest common factor of 264 and 8844?
132
Calculate the highest common divisor of 70 and 14.
14
Calculate the highest common factor of 1961 and 1184.
37
What is the greatest common divisor of 150 and 875?
25
Calculate the highest common factor of 958 and 18.
2
Calculate the highest common factor of 37 and 592.
37
What is the highest common factor of 24 and 54?
6
What is the highest common divisor of 13635 and 120?
15
Calculate the greatest common factor of 2 and 62.
2
Calculate the highest common divisor of 14468 and 8.
4
Calculate the greatest common divisor of 567 and 14.
7
Calculate the greatest common divisor of 24 and 160.
8
Calculate the greatest common factor of 63 and 18.
9
Calculate the greatest common factor of 39 and 528.
3
What is the greatest common divisor of 28672 and 112?
112
What is the greatest common factor of 1008 and 21?
21
Calculate the greatest common divisor of 22 and 2486.
22
What is the highest common divisor of 1403 and 115?
23
What is the highest common divisor of 304 and 57?
19
Calculate the highest common divisor of 3 and 477.
3
Calculate the greatest common factor of 45 and 1125.
45
What is the greatest common factor of 44 and 188?
4
Calculate the highest common divisor of 492 and 48.
12
What is the greatest common factor of 460 and 340?
20
What is the greatest common factor of 244 and 4?
4
What is the greatest common factor of 126 and 207?
9
What is the greatest common factor of 4490 and 20?
10
Calculate the greatest common divisor of 527 and 17.
17
Calculate the greatest common factor of 160 and 96.
32
Calculate the greatest common divisor of 28 and 91.
7
Calculate the greatest common factor of 96 and 3324.
12
What is the greatest common divisor of 608 and 32?
32
What is the greatest common divisor of 704 and 68?
4
What is the highest common factor of 13718 and 38?
38
Calculate the highest common divisor of 11 and 6259.
11
What is the highest common divisor of 9 and 666?
9
Calculate the greatest common divisor of 23 and 138.
23
Calculate the highest common divisor of 6903 and 585.
117
Calculate the highest common divisor of 230 and 874.
46
Calculate the highest common divisor of 24167 and 11.
11
What is the greatest common factor of 15 and 3765?
15
What is the highest common factor of 235 and 1316?
47
What is the highest common factor of 155 and 10?
5
What is the greatest common divisor of 9 and 4608?
9
What is the highest common divisor of 175 and 7?
7
Calculate the greatest common factor of 550 and 22.
22
Calculate the highest common divisor of 54 and 342.
18
What is the greatest common divisor of 120 and 105?
15
Calculate the highest common factor of 1344 and 736.
32
What is the highest common factor of 98 and 7693?
49
What is the greatest common divisor of 37 and 6?
1
Calculate the greatest common factor of 95 and 35.
5
What is the greatest common divisor of 243 and 54?
27
Calculate the highest common factor of 1600 and 700.
100
What is the greatest common factor of 30 and 22575?
15
Calculate the highest common factor of 28 and 9730.
14
What is the highest common factor of 174 and 290?
58
What is the highest common factor of 259 and 481?
37
What is the greatest common factor of 8178 and 261?
87
Calculate the greatest common divisor of 192 and 456.
24
What is the highest common divisor of 28 and 700?
28
What is the greatest common divisor of 5205 and 15?
15
What is the greatest common factor of 920 and 506?
46
What is the greatest common factor of 2 and 227?
1
What is the greatest common divisor of 112 and 48?
16
What is the greatest common divisor of 138 and 3818?
46
What is the greatest common factor of 45 and 234?
9
Calculate the highest common divisor of 32 and 400.
16
Calculate the greatest common divisor of 52 and 8.
4
Calculate the highest common factor of 126 and 168.
42
What is the highest common factor of 56 and 147?
7
Calculate the highest common divisor of 92 and 23644.
92
What is the highest common factor of 112 and 70?
14
What is the highest common divisor of 54 and 10638?
54
Calculate the greatest common factor of 738 and 18.
18
What is the highest common divisor of 171 and 3515?
19
What is the greatest common divisor of 1350 and 432?
54
What is the greatest common divisor of 1035 and 115?
115
What is the greatest common divisor of 7936 and 144?
16
What is the greatest common divisor of 275 and 220?
55
What is the highest common factor of 155 and 217?
31
Calculate the highest common divisor of 12 and 18.
6
What is the greatest common divisor of 192 and 12?
12
Calculate the highest common divisor of 148 and 407.
37
Calculate the greatest common factor of 18 and 819.
9
Calculate the greatest common divisor of 299 and 92.
23
Calculate the highest common factor of 3534 and 279.
93
What is the highest common factor of 40 and 136?
8
Calculate the highest common factor of 1025 and 25.
25
Calculate the greatest common factor of 180 and 135.
45
What is the highest common divisor of 81 and 1530?
9
What is the greatest common factor of 184 and 